its digit of 916?
6
What is the units digit of 635?
5
What is the units digit of 774?
4
What is the thousands digit of 5109?
5
What is the units digit of 3581?
1
What is the units digit of 2791?
1
What is the hundreds digit of 3117?
1
What is the units digit of 28547?
7
What is the tens digit of 706?
0
What is the thousands digit of 7999?
7
What is the units digit of 1150?
0
What is the units digit of 23853?
3
What is the thousands digit of 5592?
5
What is the tens digit of 753?
5
What is the hundreds digit of 161594?
5
What is the units digit of 23689?
9
What is the tens digit of 194?
9
What is the units digit of 385?
5
What is the units digit of 163565?
5
What is the hundreds digit of 2436?
4
What is the tens digit of 20500?
0
What is the hundreds digit of 6536?
5
What is the units digit of 9823?
3
What is the hundreds digit of 995?
9
What is the tens digit of 8294?
9
What is the units digit of 1897?
7
What is the thousands digit of 104995?
4
What is the ten thousands digit of 11400?
1
What is the tens digit of 384?
8
What is the tens digit of 319?
1
What is the tens digit of 800?
0
What is the units digit of 11333?
3
What is the units digit of 1075?
5
What is the tens digit of 1006?
0
What is the thousands digit of 3170?
3
What is the thousands digit of 41705?
1
What is the units digit of 3906?
6
What is the ten thousands digit of 60518?
6
What is the ten thousands digit of 41673?
4
What is the units digit of 32210?
0
What is the ten thousands digit of 32649?
3
What is the hundreds digit of 4013?
0
What is the ten thousands digit of 16363?
1
What is the hundreds digit of 1497?
4
What is the units digit of 30932?
2
What is the hundreds digit of 1279?
2
What is the units digit of 606?
6
What is the tens digit of 39833?
3
What is the hundreds digit of 53145?
1
What is the tens digit of 160?
6
What is the hundreds digit of 32868?
8
What is the ten thousands digit of 69014?
6
What is the tens digit of 2933?
3
What is the thousands digit of 7945?
7
What is the units digit of 38042?
2
What is the tens digit of 2810?
1
What is the units digit of 593?
3
What is the tens digit of 744?
4
What is the ten thousands digit of 17154?
1
What is the thousands digit of 3136?
3
What is the ten thousands digit of 29496?
2
What is the units digit of 158?
8
What is the units digit of 7877?
7
What is the thousands digit of 13037?
3
What is the ten thousands digit of 18516?
1
What is the units digit of 10444?
4
What is the hundreds digit of 2128?
1
What is the units digit of 28068?
8
What is the units digit of 866?
6
What is the units digit of 1130?
0
What is the units digit of 146149?
9
What is the ten thousands digit of 46013?
4
What is the hundreds digit of 12340?
3
What is the thousands digit of 1759?
1
What is the hundreds digit of 2119?
1
What is the ten thousands digit of 12682?
1
What is the units digit of 2719?
9
What is the units digit of 3124?
4
What is the thousands digit of 9669?
9
What is the units digit of 1113?
3
What is the units digit of 3632?
2
What is the hundreds digit of 34439?
4
What is the hundreds digit of 3105?
1
What is the thousands digit of 17905?
7
What is the tens digit of 66340?
4
What is the units digit of 3840?
0
What is the hundreds digit of 2892?
8
What is the ten thousands digit of 58764?
5
What is the hundreds digit of 612?
6
What is the units digit of 1413?
3
What is the units digit of 377?
7
What is the units digit of 359?
9
What is the thousands digit of 1047?
1
What is the tens digit of 348?
4
What is the units digit of 74594?
4
What is the hundreds digit of 1076?
0
What is the hundreds digit of 583?
5
What is the hundreds digit of 694?
6
What is the tens digit of 5411?
1
What is the ten thousands digit of 23859?
2
What is the units digit of 4596?
6
What is the thousands digit of 1249?
1
What is the thousands digit of 11277?
1
What is the tens digit of 14452?
5
What is the units digit of 1189?
9
What is the tens digit of 14663?
6
What is the thousands digit of 15430?
5
What is the units digit of 7049?
9
What is the units digit of 31047?
7
What is the tens digit of 3562?
6
What is the units digit of 918?
8
What is the units digit of 19809?
9
What is the tens digit of 1293?
9
What is the hundreds digit of 1780?
7
What is the hundreds digit of 25638?
6
What is the hundreds digit of 985?
9
What is the tens digit of 14352?
5
What is the hundreds digit of 11132?
1
What is the units digit of 7241?
1
What is the units digit of 20476?
6
What is the tens digit of 241?
4
What is the thousands digit of 61643?
1
What is the hundreds digit of 48671?
6
What is the ten thousands digit of 14706?
1
What is the units digit of 68454?
4
What is the ten thousands digit of 70645?
7
What is the hundreds digit of 22201?
2
What is the ten thousands digit of 96808?
9
What is the units digit of 14135?
5
What is the tens digit of 49036?
3
What is the tens digit of 7065?
6
What is the units digit of 28325?
5
What is the thousands digit of 5348?
5
What is the tens digit of 2168?
6
What is the units digit of 123?
3
What is the tens digit of 1061?
6
What is the units digit of 2100?
0
What is the hundreds digit of 734?
7
What is the thousands digit of 4137?
4
What is the tens digit of 22433?
3
What is the tens digit of 698?
9
What is the thousands digit of 26886?
6
What is the thousands digit of 65246?
5
What is the tens digit of 8724?
2
What is the tens digit of 1280?
8
What is the tens digit of 119105?
0
What is the units digit of 2159?
9
What is the thousands digit of 18895?
8
What is the tens digit of 1012?
1
What is the hundreds digit of 1339?
3
What is the units digit of 39329?
9
What is the hundreds digit of 981?
9
What is the tens digit of 25?
2
What is the ten thousands digit of 84137?
8
What is the tens digit of 624?
2
What is the thousands digit of 6103?
6
What is the units digit of 39852?
2
What is the tens digit of 1228?
2
What is the hundreds digit of 4009?
0
What is the units digit of 1000?
0
What is the units digit of 14327?
7
What is the units digit of 1783?
3
What is the tens digit of 62?
6
What is the thousands digit of 2091?
2
What is the ten thousands digit of 10358?
1
What is the tens digit of 5648?
4
What is the thousands digit of 5763?
5
What is the tens digit of 4027?
2
What is the units digit of 75133?
3
What is the units digit of 1896?
6
What is the thousands digit of 5363?
5
What is the thousands digit of 117772?
7
What is the hundreds digit of 774?
7
What is the units digit of 147037?
7
What is the thousands digit of 4663?
4
What is the units digit of 748?
8
What is the hundreds digit of 1409?
4
What is the thousands digit of 5684?
5
What is the hundreds digit of 1253?
2
What is the units digit of 76202?
2
What is the thousands digit of 174465?
4
What is the ten thousands digit of 17815?
1
What is the units digit of 28921?
1
What is the ten thousands digit of 138553?
3
What is the units digit of 11739?
9
What is the tens digit of 30?
3
What is the tens digit of 59339?
3
What is the thousands digit of 133972?
3
What is the thousands digit of 77465?
7
What is the units digit of 48325?
5
What is the hundreds digit of 5450?
4
What is the hundreds digit of 1680?
6
What is the units digit of 57967?
7
What is the thousands digit of 103798?
3
What is the units digit of 51429?
9
What is the units digit of 2805?
5
What is the units digit of 2276?
6
What is the tens digit of 6658?
5
What is the hundreds digit of 168?
1
What is the units digit of 4093?
3
What is the thousands digit of 3711?
3
What is the tens digit of 8163?
6
What is the tens digit of 5671?
7
What is the thousands digit of 22687?
2
What is the hundreds digit of 728?
7
What is the units digit of 15616?
6
What is the tens digit of 4753?
5
What is the units digit of 5101?
1
What is the tens digit of 902?
0
What is the hundreds digit of 6962?
9
What is the thousands digit of 2991?
2
What is the units digit of 11870?
0
What is the hundreds digit of 427?
4
What is the hundreds digit of 147250?
2
What is the units digit of 781?
1
What is the thousands digit of 75918?
5
What is the units digit of 96626?
6
What is the hundreds digit of 306?
3
What is the units digit of 915?
5
What is the tens digit of 76568?
6
What is the ten thousands digit of 41278?
4
What is the thousands di